[INFO] cloning repository https://github.com/elbertcastaneda/hello-rocket
[INFO] running `Command { std: "git" "-c" "credential.helper=" "-c" "credential.helper=/workspace/cargo-home/bin/git-credential-null" "clone" "--bare" "https://github.com/elbertcastaneda/hello-rocket" "/workspace/cache/git-repos/https%3A%2F%2Fgithub.com%2Felbertcastaneda%2Fhello-rocket", kill_on_drop: false }`
[INFO] [stderr] Cloning into bare repository '/workspace/cache/git-repos/https%3A%2F%2Fgithub.com%2Felbertcastaneda%2Fhello-rocket'...
[INFO] running `Command { std: "git" "rev-parse" "HEAD", kill_on_drop: false }`
[INFO] [stdout] f5eef6513c43109e042f3e866f2f4e66931fcb62
[INFO] building elbertcastaneda/hello-rocket against master#ff34b919075f35a1787659e9c448a34b06bab8de for issue-85264
[INFO] running `Command { std: "git" "clone" "/workspace/cache/git-repos/https%3A%2F%2Fgithub.com%2Felbertcastaneda%2Fhello-rocket" "/workspace/builds/worker-13/source", kill_on_drop: false }`
[INFO] [stderr] Cloning into '/workspace/builds/worker-13/source'...
[INFO] [stderr] done.
[INFO] validating manifest of git repo https://github.com/elbertcastaneda/hello-rocket on toolchain ff34b919075f35a1787659e9c448a34b06bab8de
[INFO] running `Command { std: "/workspace/cargo-home/bin/cargo" "+ff34b919075f35a1787659e9c448a34b06bab8de" "metadata" "--manifest-path" "Cargo.toml" "--no-deps", kill_on_drop: false }`
[INFO] started tweaking git repo https://github.com/elbertcastaneda/hello-rocket
[INFO] finished tweaking git repo https://github.com/elbertcastaneda/hello-rocket
[INFO] tweaked toml for git repo https://github.com/elbertcastaneda/hello-rocket written to /workspace/builds/worker-13/source/Cargo.toml
[INFO] crate git repo https://github.com/elbertcastaneda/hello-rocket already has a lockfile, it will not be regenerated
[INFO] running `Command { std: "/workspace/cargo-home/bin/cargo" "+ff34b919075f35a1787659e9c448a34b06bab8de" "fetch" "--manifest-path" "Cargo.toml", kill_on_drop: false }`
[INFO] [stderr]     Blocking waiting for file lock on package cache
[INFO] [stderr]     Blocking waiting for file lock on package cache
[INFO] running `Command { std: "docker" "create" "-v" "/var/lib/crater-agent-workspace/builds/worker-13/target:/opt/rustwide/target:rw,Z" "-v" "/var/lib/crater-agent-workspace/builds/worker-13/source:/opt/rustwide/workdir:ro,Z" "-v" "/var/lib/crater-agent-workspace/cargo-home:/opt/rustwide/cargo-home:ro,Z" "-v" "/var/lib/crater-agent-workspace/rustup-home:/opt/rustwide/rustup-home:ro,Z" "-e" "SOURCE_DIR=/opt/rustwide/workdir" "-e" "CARGO_TARGET_DIR=/opt/rustwide/target" "-e" "CARGO_HOME=/opt/rustwide/cargo-home" "-e" "RUSTUP_HOME=/opt/rustwide/rustup-home" "-w" "/opt/rustwide/workdir" "-m" "1610612736" "--user" "0:0" "--network" "none" "ghcr.io/rust-lang/crates-build-env/linux@sha256:20528e8c29e4536546f0102ce88568b16ea7538393a33fcca951030f7af10457" "/opt/rustwide/cargo-home/bin/cargo" "+ff34b919075f35a1787659e9c448a34b06bab8de" "metadata" "--no-deps" "--format-version=1", kill_on_drop: false }`
[INFO] [stdout] 8e13b9249c7a6d3dbda82e5915989f26fa908cda2238c17e8703f8ea6f39cabd
[INFO] [stderr] WARNING: Your kernel does not support swap limit capabilities or the cgroup is not mounted. Memory limited without swap.
[INFO] running `Command { std: "docker" "start" "-a" "8e13b9249c7a6d3dbda82e5915989f26fa908cda2238c17e8703f8ea6f39cabd", kill_on_drop: false }`
[INFO] running `Command { std: "docker" "inspect" "8e13b9249c7a6d3dbda82e5915989f26fa908cda2238c17e8703f8ea6f39cabd", kill_on_drop: false }`
[INFO] running `Command { std: "docker" "rm" "-f" "8e13b9249c7a6d3dbda82e5915989f26fa908cda2238c17e8703f8ea6f39cabd", kill_on_drop: false }`
[INFO] [stdout] 8e13b9249c7a6d3dbda82e5915989f26fa908cda2238c17e8703f8ea6f39cabd
[INFO] running `Command { std: "docker" "create" "-v" "/var/lib/crater-agent-workspace/builds/worker-13/target:/opt/rustwide/target:rw,Z" "-v" "/var/lib/crater-agent-workspace/builds/worker-13/source:/opt/rustwide/workdir:ro,Z" "-v" "/var/lib/crater-agent-workspace/cargo-home:/opt/rustwide/cargo-home:ro,Z" "-v" "/var/lib/crater-agent-workspace/rustup-home:/opt/rustwide/rustup-home:ro,Z" "-e" "SOURCE_DIR=/opt/rustwide/workdir" "-e" "CARGO_TARGET_DIR=/opt/rustwide/target" "-e" "CARGO_INCREMENTAL=0" "-e" "RUST_BACKTRACE=full" "-e" "RUSTFLAGS=--cap-lints=forbid" "-e" "CARGO_HOME=/opt/rustwide/cargo-home" "-e" "RUSTUP_HOME=/opt/rustwide/rustup-home" "-w" "/opt/rustwide/workdir" "-m" "1610612736" "--user" "0:0" "--network" "none" "ghcr.io/rust-lang/crates-build-env/linux@sha256:20528e8c29e4536546f0102ce88568b16ea7538393a33fcca951030f7af10457" "/opt/rustwide/cargo-home/bin/cargo" "+ff34b919075f35a1787659e9c448a34b06bab8de" "build" "--frozen" "--message-format=json", kill_on_drop: false }`
[INFO] [stdout] 26edb63ed59cea20d2e3f21d962567ab49e8549a486860ff145481a1fe55153f
[INFO] [stderr] WARNING: Your kernel does not support swap limit capabilities or the cgroup is not mounted. Memory limited without swap.
[INFO] running `Command { std: "docker" "start" "-a" "26edb63ed59cea20d2e3f21d962567ab49e8549a486860ff145481a1fe55153f", kill_on_drop: false }`
[INFO] [stderr]    Compiling libc v0.2.80
[INFO] [stderr]    Compiling byteorder v1.3.4
[INFO] [stderr]    Compiling proc-macro2 v0.4.30
[INFO] [stderr]    Compiling yansi v0.5.0
[INFO] [stderr]    Compiling version_check v0.9.2
[INFO] [stderr]    Compiling unicode-xid v0.1.0
[INFO] [stderr]    Compiling syn v0.15.44
[INFO] [stderr]    Compiling getrandom v0.1.15
[INFO] [stderr]    Compiling proc-macro2 v1.0.24
[INFO] [stderr]    Compiling log v0.4.11
[INFO] [stderr]    Compiling subtle v2.3.0
[INFO] [stderr]    Compiling unicode-xid v0.2.1
[INFO] [stderr]    Compiling tinyvec v0.3.4
[INFO] [stderr]    Compiling version_check v0.1.5
[INFO] [stderr]    Compiling httparse v1.3.4
[INFO] [stderr]    Compiling autocfg v1.0.1
[INFO] [stderr]    Compiling ppv-lite86 v0.2.9
[INFO] [stderr]    Compiling syn v1.0.48
[INFO] [stderr]    Compiling safemem v0.3.3
[INFO] [stderr]    Compiling zeroize v1.1.1
[INFO] [stderr]    Compiling percent-encoding v1.0.1
[INFO] [stderr]    Compiling traitobject v0.1.0
[INFO] [stderr]    Compiling hashbrown v0.9.1
[INFO] [stderr]    Compiling language-tags v0.2.2
[INFO] [stderr]    Compiling same-file v1.0.6
[INFO] [stderr]    Compiling typeable v0.1.2
[INFO] [stderr]    Compiling serde v1.0.117
[INFO] [stderr]    Compiling base64 v0.12.3
[INFO] [stderr]    Compiling memchr v2.3.4
[INFO] [stderr]    Compiling smallvec v1.4.2
[INFO] [stderr]    Compiling state v0.4.2
[INFO] [stderr]    Compiling glob v0.3.0
[INFO] [stderr]    Compiling pq-sys v0.4.6
[INFO] [stderr]    Compiling block-cipher-trait v0.6.2
[INFO] [stderr]    Compiling digest v0.8.1
[INFO] [stderr]    Compiling aead v0.2.0
[INFO] [stderr]    Compiling walkdir v2.3.1
[INFO] [stderr]    Compiling universal-hash v0.3.0
[INFO] [stderr]    Compiling unicode-normalization v0.1.13
[INFO] [stderr]    Compiling hmac v0.7.1
[INFO] [stderr]    Compiling rust-embed-utils v5.0.0
[INFO] [stderr]    Compiling polyval v0.3.3
[INFO] [stderr]    Compiling hkdf v0.8.0
[INFO] [stderr]    Compiling unicase v1.4.2
[INFO] [stderr]    Compiling ghash v0.2.3
[INFO] [stderr]    Compiling log v0.3.9
[INFO] [stderr]    Compiling pear_codegen v0.1.4
[INFO] [stderr]    Compiling rocket_codegen v0.4.5
[INFO] [stderr]    Compiling rocket v0.4.5
[INFO] [stderr]    Compiling indexmap v1.6.0
[INFO] [stderr]    Compiling idna v0.1.5
[INFO] [stderr]    Compiling quote v1.0.7
[INFO] [stderr]    Compiling mime v0.2.6
[INFO] [stderr]    Compiling quote v0.6.13
[INFO] [stderr]    Compiling aes-soft v0.3.3
[INFO] [stderr]    Compiling block-buffer v0.7.3
[INFO] [stderr]    Compiling base64 v0.9.3
[INFO] [stderr]    Compiling sha2 v0.8.2
[INFO] [stderr]    Compiling time v0.1.44
[INFO] [stderr]    Compiling num_cpus v1.13.0
[INFO] [stderr]    Compiling atty v0.2.14
[INFO] [stderr]    Compiling rand_core v0.5.1
[INFO] [stderr]    Compiling aes v0.3.2
[INFO] [stderr]    Compiling aes-gcm v0.5.0
[INFO] [stderr]    Compiling rand_chacha v0.2.2
[INFO] [stderr]    Compiling url v1.7.2
[INFO] [stderr]    Compiling rand v0.7.3
[INFO] [stderr]    Compiling hyper v0.10.16
[INFO] [stderr]    Compiling cookie v0.11.3
[INFO] [stderr]    Compiling toml v0.4.10
[INFO] [stderr]    Compiling devise_core v0.2.0
[INFO] [stderr]    Compiling rust-embed-impl v5.6.0
[INFO] [stderr]    Compiling diesel_derives v1.4.1
[INFO] [stderr]    Compiling rust-embed v5.6.0
[INFO] [stderr]    Compiling devise_codegen v0.2.0
[INFO] [stderr]    Compiling devise v0.2.0
[INFO] [stderr]    Compiling pear v0.1.4
[INFO] [stderr]    Compiling rocket_http v0.4.5
[INFO] [stderr]    Compiling diesel v1.4.5
[INFO] [stderr]    Compiling rust-embed-rocket v0.1.0 (https://github.com/peacememories/rust-embed-rocket#8506ae51)
[INFO] [stderr]    Compiling hello-rocket v0.1.0 (/opt/rustwide/workdir)
[INFO] [stdout] error: proc-macro derive panicked
[INFO] [stdout]  --> src/main.rs:8:10
[INFO] [stdout]   |
[INFO] [stdout] 8 | #[derive(RustEmbed)]
[INFO] [stdout]   |          ^^^^^^^^^
[INFO] [stdout]   |
[INFO] [stdout]   = help: message: #[derive(RustEmbed)] folder '/opt/rustwide/workdir/frontend/build' does not exist. cwd: '/opt/rustwide/workdir'
[INFO] [stdout] 
[INFO] [stdout] 
[INFO] [stdout] error[E0277]: the trait bound `Asset: RustEmbed` is not satisfied
[INFO] [stdout]   --> src/main.rs:23:17
[INFO] [stdout]    |
[INFO] [stdout] 23 |                 Asset,
[INFO] [stdout]    |                 ^^^^^ the trait `RustEmbed` is not implemented for `Asset`
[INFO] [stdout]    |
[INFO] [stdout]    = note: required by `rust_embed_rocket::Server::<T>::from_config`
[INFO] [stdout] 
[INFO] [stdout] 
[INFO] [stdout] error[E0277]: the trait bound `Asset: RustEmbed` is not satisfied
[INFO] [stdout]   --> src/main.rs:22:13
[INFO] [stdout]    |
[INFO] [stdout] 22 | /             Server::from_config(
[INFO] [stdout] 23 | |                 Asset,
[INFO] [stdout] 24 | |                 Config {
[INFO] [stdout] 25 | |                     rank: 0,
[INFO] [stdout] 26 | |                     serve_index: true,
[INFO] [stdout] 27 | |                 },
[INFO] [stdout] 28 | |             )
[INFO] [stdout]    | |_____________^ the trait `RustEmbed` is not implemented for `Asset`
[INFO] [stdout]    | 
[INFO] [stdout]   ::: /opt/rustwide/cargo-home/git/checkouts/rust-embed-rocket-98e4d65e076a69cf/8506ae5/src/lib.rs:15:22
[INFO] [stdout]    |
[INFO] [stdout] 15 |   pub struct Server<T: RustEmbed> {
[INFO] [stdout]    |                        --------- required by this bound in `rust_embed_rocket::Server`
[INFO] [stdout] 
[INFO] [stdout] 
[INFO] [stdout] error[E0277]: the trait bound `rust_embed_rocket::Server<Asset>: Into<Vec<Route>>` is not satisfied
[INFO] [stdout]   --> src/main.rs:22:13
[INFO] [stdout]    |
[INFO] [stdout] 22 | /             Server::from_config(
[INFO] [stdout] 23 | |                 Asset,
[INFO] [stdout] 24 | |                 Config {
[INFO] [stdout] 25 | |                     rank: 0,
[INFO] [stdout] 26 | |                     serve_index: true,
[INFO] [stdout] 27 | |                 },
[INFO] [stdout] 28 | |             )
[INFO] [stdout]    | |_____________^ the trait `Into<Vec<Route>>` is not implemented for `rust_embed_rocket::Server<Asset>`
[INFO] [stdout]    |
[INFO] [stdout]    = help: the following implementations were found:
[INFO] [stdout]              <rust_embed_rocket::Server<T> as Into<Vec<Route>>>
[INFO] [stdout] 
[INFO] [stdout] 
[INFO] [stdout] error[E0277]: the trait bound `Asset: RustEmbed` is not satisfied
[INFO] [stdout]   --> src/main.rs:19:5
[INFO] [stdout]    |
[INFO] [stdout] 19 | /     rocket::ignite()
[INFO] [stdout] 20 | |         .mount(
[INFO] [stdout] 21 | |             "/",
[INFO] [stdout] 22 | |             Server::from_config(
[INFO] [stdout] ...  |
[INFO] [stdout] 28 | |             )
[INFO] [stdout] 29 | |         )
[INFO] [stdout]    | |_________^ the trait `RustEmbed` is not implemented for `Asset`
[INFO] [stdout]    | 
[INFO] [stdout]   ::: /opt/rustwide/cargo-home/git/checkouts/rust-embed-rocket-98e4d65e076a69cf/8506ae5/src/lib.rs:15:22
[INFO] [stdout]    |
[INFO] [stdout] 15 |   pub struct Server<T: RustEmbed> {
[INFO] [stdout]    |                        --------- required by this bound in `rust_embed_rocket::Server`
[INFO] [stdout] 
[INFO] [stdout] 
[INFO] [stdout] error: aborting due to 5 previous errors
[INFO] [stdout] 
[INFO] [stdout] 
[INFO] [stdout] For more information about this error, try `rustc --explain E0277`.
[INFO] [stdout] 
[INFO] [stderr] error: could not compile `hello-rocket`
[INFO] [stderr] 
[INFO] [stderr] To learn more, run the command again with --verbose.
[INFO] [stderr] warning: build failed, waiting for other jobs to finish...
[INFO] [stderr] error: build failed
[INFO] running `Command { std: "docker" "inspect" "26edb63ed59cea20d2e3f21d962567ab49e8549a486860ff145481a1fe55153f", kill_on_drop: false }`
[INFO] running `Command { std: "docker" "rm" "-f" "26edb63ed59cea20d2e3f21d962567ab49e8549a486860ff145481a1fe55153f", kill_on_drop: false }`
[INFO] [stdout] 26edb63ed59cea20d2e3f21d962567ab49e8549a486860ff145481a1fe55153f
